{"id":2692,"date":"2022-08-27T10:19:00","date_gmt":"2022-08-27T08:19:00","guid":{"rendered":"http:\/\/wp1131520.server-he.de\/?page_id=2692"},"modified":"2024-11-09T19:00:24","modified_gmt":"2024-11-09T18:00:24","slug":"sozialarbeit-an-schulen","status":"publish","type":"page","link":"https:\/\/grundschule-launsbach.de\/startseite-2\/sozialarbeit-an-schulen\/","title":{"rendered":"Sozialarbeit an Schulen"},"content":{"rendered":"<p><strong>Sozialarbeit an Schulen\u00a0 \u00a0 \u00a0 \u00a0 \u00a0 \u00a0 \u00a0 \u00a0 \u00a0 \u00a0 \u00a0 \u00a0 \u00a0 \u00a0 \u00a0 \u00a0 \u00a0 \u00a0 \u00a0 \u00a0 \u00a0 \u00a0<\/strong><\/p>\n<p><strong><img decoding=\"async\" class=\"alignnone  wp-image-6655\" src=\"https:\/\/Grundschule-Launsbach.de\/wp-content\/uploads\/2024\/11\/Spriesterbach.jpg\" alt=\"\" width=\"135\" height=\"180\" \/><\/strong><\/p>\n<p><strong>\u00a0<\/strong><\/p>\n<p>Hallo liebe Eltern und liebe Kinder,\u00a0<\/p>\n<p>Mein Name ist Alena Spriesterbach und ich bin seit dem 01.10.2024 in der Sozialarbeit an der Grundschule in Launsbach t\u00e4tig. Bereits seit dem 01.09.2023 arbeite ich als Sozialarbeiterin an der Grundschule in Wi\u00dfmar. Montags, mittwochs und donnerstags bin ich an der Grundschule in Wi\u00dfmar, dienstags und freitags an der Grundschule in Launsbach.<\/p>\n<p>Die Sozialarbeit an Schulen versteht sich als Bindeglied zwischen Jugendhilfe &amp; Schule und erg\u00e4nzt die erzieherische Arbeit der Schule. Unser Ziel ist es Sch\u00fcler*innen in ihrer individuellen und sozialen Entwicklung entsprechend ihrer Bed\u00fcrfnisse und F\u00e4higkeiten zu fordern und zu f\u00f6rdern. Das kann in Einzel- und Gruppengespr\u00e4chen, in verschiedenen Aktionen (AGs, Sozialtraining etc.) oder im Klassenverband geschehen. Zudem ist die Kooperation zwischen dem Kollegium, den Eltern und meiner T\u00e4tigkeit wesentlich f\u00fcr das Gelingen der Sozialarbeit.<\/p>\n<p>&nbsp;<\/p>\n<p>Meine Aufgabenbereiche im \u00dcberblick:<\/p>\n<ul>\n<li>Beratung f\u00fcr Sch\u00fclerInnen und Angeh\u00f6rige<\/li>\n<li>Sozialp\u00e4dagogische Angebote: In den Klassen und in Kleingruppen zur Schulung sozialer Kompetenz und zur Festigung der Klassengemeinschaft und Konfliktl\u00f6sung<\/li>\n<li>Schulentwicklung und Innovation<\/li>\n<li>Beratung von Lehrkr\u00e4ften und Betreuungspersonal<\/li>\n<li>Streitschlichtung und Krisenintervention<\/li>\n<li>Vernetzung und Gemeinwesenarbeit<\/li>\n<li>Gewalt- und Suchtpr\u00e4vention (Mobbing, Medienumgang)<\/li>\n<li>Freizeitp\u00e4dagogische Angebote<\/li>\n<li>Projekte und offene Angebote der Jugendarbeit<\/li>\n<\/ul>\n<p>&nbsp;<\/p>\n<p>&nbsp;<\/p>\n<p><strong>Kontaktdaten:<\/strong><\/p>\n<p>E-Mail: <a href=\"mailto:alena.spriesterbach@grundschule-launsbach.com\">alena.spriesterbach@grundschule-launsbach.com<\/a><\/p>\n<p>Diensthandy: 0160-95232768<\/p>\n<p>&nbsp;<\/p>\n<p>&nbsp;<\/p>\n<p>Herzliche Gr\u00fc\u00dfe<\/p>\n<p>Alena Spriesterbach<\/p>\n","protected":false},"excerpt":{"rendered":"<p>Sozialarbeit an Schulen\u00a0 \u00a0 \u00a0 \u00a0 \u00a0 \u00a0 \u00a0 \u00a0 \u00a0 \u00a0 \u00a0 \u00a0 \u00a0 \u00a0 \u00a0 \u00a0 \u00a0 \u00a0 \u00a0 \u00a0 \u00a0 \u00a0 \u00a0 Hallo liebe Eltern und liebe Kinder,\u00a0 Mein Name ist Alena Spriesterbach und ich bin seit[\u2026]<\/p>\n","protected":false},"author":2,"featured_media":0,"parent":0,"menu_order":0,"comment_status":"closed","ping_status":"closed","template":"","meta":{"remove_blocks_before_content":false,"remove_blocks_after_content":false,"countdown_timer_date_events":"","om_disable_all_campaigns":false,"kt_blocks_editor_width":"","_monsterinsights_skip_tracking":false,"_monsterinsights_sitenote_active":false,"_monsterinsights_sitenote_note":"","_monsterinsights_sitenote_category":0,"_kadence_starter_templates_imported_post":false,"footnotes":""},"class_list":["post-2692","page","type-page","status-publish","hentry"],"yoast_head":"<!-- This site is optimized with the Yoast SEO plugin v21.8 - https:\/\/yoast.com\/wordpress\/plugins\/seo\/ -->\n<title>Sozialarbeit an Schulen - Grundschule Launsbach<\/title>\n<meta name=\"robots\" content=\"index, follow, max-snippet:-1, max-image-preview:large, max-video-preview:-1\" \/>\n<link rel=\"canonical\" href=\"https:\/\/grundschule-launsbach.de\/startseite-2\/sozialarbeit-an-schulen\/\" \/>\n<meta property=\"og:locale\" content=\"de_DE\" \/>\n<meta property=\"og:type\" content=\"article\" \/>\n<meta property=\"og:title\" content=\"Sozialarbeit an Schulen - Grundschule Launsbach\" \/>\n<meta property=\"og:description\" content=\"Sozialarbeit an Schulen\u00a0 \u00a0 \u00a0 \u00a0 \u00a0 \u00a0 \u00a0 \u00a0 \u00a0 \u00a0 \u00a0 \u00a0 \u00a0 \u00a0 \u00a0 \u00a0 \u00a0 \u00a0 \u00a0 \u00a0 \u00a0 \u00a0 \u00a0 Hallo liebe Eltern und liebe Kinder,\u00a0 Mein Name ist Alena Spriesterbach und ich bin seit[\u2026]\" \/>\n<meta property=\"og:url\" content=\"https:\/\/grundschule-launsbach.de\/startseite-2\/sozialarbeit-an-schulen\/\" \/>\n<meta property=\"og:site_name\" content=\"Grundschule Launsbach\" \/>\n<meta property=\"article:modified_time\" content=\"2024-11-09T18:00:24+00:00\" \/>\n<meta property=\"og:image\" content=\"https:\/\/Grundschule-Launsbach.de\/wp-content\/uploads\/2024\/11\/Spriesterbach.jpg\" \/>\n<meta name=\"twitter:card\" content=\"summary_large_image\" \/>\n<meta name=\"twitter:label1\" content=\"Gesch\u00e4tzte Lesezeit\" \/>\n\t<meta name=\"twitter:data1\" content=\"2\u00a0Minuten\" \/>\n<script type=\"application\/ld+json\" class=\"yoast-schema-graph\">{\"@context\":\"https:\/\/schema.org\",\"@graph\":[{\"@type\":\"WebPage\",\"@id\":\"https:\/\/grundschule-launsbach.de\/startseite-2\/sozialarbeit-an-schulen\/\",\"url\":\"https:\/\/grundschule-launsbach.de\/startseite-2\/sozialarbeit-an-schulen\/\",\"name\":\"Sozialarbeit an Schulen - Grundschule Launsbach\",\"isPartOf\":{\"@id\":\"https:\/\/grundschule-launsbach.de\/startseite-2\/#website\"},\"datePublished\":\"2022-08-27T08:19:00+00:00\",\"dateModified\":\"2024-11-09T18:00:24+00:00\",\"breadcrumb\":{\"@id\":\"https:\/\/grundschule-launsbach.de\/startseite-2\/sozialarbeit-an-schulen\/#breadcrumb\"},\"inLanguage\":\"de\",\"potentialAction\":[{\"@type\":\"ReadAction\",\"target\":[\"https:\/\/grundschule-launsbach.de\/startseite-2\/sozialarbeit-an-schulen\/\"]}]},{\"@type\":\"BreadcrumbList\",\"@id\":\"https:\/\/grundschule-launsbach.de\/startseite-2\/sozialarbeit-an-schulen\/#breadcrumb\",\"itemListElement\":[{\"@type\":\"ListItem\",\"position\":1,\"name\":\"Startseite\",\"item\":\"https:\/\/grundschule-launsbach.de\/startseite-2\/\"},{\"@type\":\"ListItem\",\"position\":2,\"name\":\"Sozialarbeit an Schulen\"}]},{\"@type\":\"WebSite\",\"@id\":\"https:\/\/grundschule-launsbach.de\/startseite-2\/#website\",\"url\":\"https:\/\/grundschule-launsbach.de\/startseite-2\/\",\"name\":\"Grundschule Launsbach\",\"description\":\"Grundschule mit den Schwerpunkten Natur, Gemeinschaft und Kultur\",\"publisher\":{\"@id\":\"https:\/\/grundschule-launsbach.de\/startseite-2\/#organization\"},\"potentialAction\":[{\"@type\":\"SearchAction\",\"target\":{\"@type\":\"EntryPoint\",\"urlTemplate\":\"https:\/\/grundschule-launsbach.de\/startseite-2\/?s={search_term_string}\"},\"query-input\":\"required name=search_term_string\"}],\"inLanguage\":\"de\"},{\"@type\":\"Organization\",\"@id\":\"https:\/\/grundschule-launsbach.de\/startseite-2\/#organization\",\"name\":\"Grundschule Launsbach\",\"url\":\"https:\/\/grundschule-launsbach.de\/startseite-2\/\",\"logo\":{\"@type\":\"ImageObject\",\"inLanguage\":\"de\",\"@id\":\"https:\/\/grundschule-launsbach.de\/startseite-2\/#\/schema\/logo\/image\/\",\"url\":\"https:\/\/Grundschule-Launsbach.de\/wp-content\/uploads\/2022\/07\/Logo-Launsbach-gelb.png\",\"contentUrl\":\"https:\/\/Grundschule-Launsbach.de\/wp-content\/uploads\/2022\/07\/Logo-Launsbach-gelb.png\",\"width\":250,\"height\":111,\"caption\":\"Grundschule Launsbach\"},\"image\":{\"@id\":\"https:\/\/grundschule-launsbach.de\/startseite-2\/#\/schema\/logo\/image\/\"}}]}<\/script>\n<!-- \/ Yoast SEO plugin. -->","yoast_head_json":{"title":"Sozialarbeit an Schulen - Grundschule Launsbach","robots":{"index":"index","follow":"follow","max-snippet":"max-snippet:-1","max-image-preview":"max-image-preview:large","max-video-preview":"max-video-preview:-1"},"canonical":"https:\/\/grundschule-launsbach.de\/startseite-2\/sozialarbeit-an-schulen\/","og_locale":"de_DE","og_type":"article","og_title":"Sozialarbeit an Schulen - Grundschule Launsbach","og_description":"Sozialarbeit an Schulen\u00a0 \u00a0 \u00a0 \u00a0 \u00a0 \u00a0 \u00a0 \u00a0 \u00a0 \u00a0 \u00a0 \u00a0 \u00a0 \u00a0 \u00a0 \u00a0 \u00a0 \u00a0 \u00a0 \u00a0 \u00a0 \u00a0 \u00a0 Hallo liebe Eltern und liebe Kinder,\u00a0 Mein Name ist Alena Spriesterbach und ich bin seit[\u2026]","og_url":"https:\/\/grundschule-launsbach.de\/startseite-2\/sozialarbeit-an-schulen\/","og_site_name":"Grundschule Launsbach","article_modified_time":"2024-11-09T18:00:24+00:00","og_image":[{"url":"https:\/\/Grundschule-Launsbach.de\/wp-content\/uploads\/2024\/11\/Spriesterbach.jpg"}],"twitter_card":"summary_large_image","twitter_misc":{"Gesch\u00e4tzte Lesezeit":"2\u00a0Minuten"},"schema":{"@context":"https:\/\/schema.org","@graph":[{"@type":"WebPage","@id":"https:\/\/grundschule-launsbach.de\/startseite-2\/sozialarbeit-an-schulen\/","url":"https:\/\/grundschule-launsbach.de\/startseite-2\/sozialarbeit-an-schulen\/","name":"Sozialarbeit an Schulen - Grundschule Launsbach","isPartOf":{"@id":"https:\/\/grundschule-launsbach.de\/startseite-2\/#website"},"datePublished":"2022-08-27T08:19:00+00:00","dateModified":"2024-11-09T18:00:24+00:00","breadcrumb":{"@id":"https:\/\/grundschule-launsbach.de\/startseite-2\/sozialarbeit-an-schulen\/#breadcrumb"},"inLanguage":"de","potentialAction":[{"@type":"ReadAction","target":["https:\/\/grundschule-launsbach.de\/startseite-2\/sozialarbeit-an-schulen\/"]}]},{"@type":"BreadcrumbList","@id":"https:\/\/grundschule-launsbach.de\/startseite-2\/sozialarbeit-an-schulen\/#breadcrumb","itemListElement":[{"@type":"ListItem","position":1,"name":"Startseite","item":"https:\/\/grundschule-launsbach.de\/startseite-2\/"},{"@type":"ListItem","position":2,"name":"Sozialarbeit an Schulen"}]},{"@type":"WebSite","@id":"https:\/\/grundschule-launsbach.de\/startseite-2\/#website","url":"https:\/\/grundschule-launsbach.de\/startseite-2\/","name":"Grundschule Launsbach","description":"Grundschule mit den Schwerpunkten Natur, Gemeinschaft und Kultur","publisher":{"@id":"https:\/\/grundschule-launsbach.de\/startseite-2\/#organization"},"potentialAction":[{"@type":"SearchAction","target":{"@type":"EntryPoint","urlTemplate":"https:\/\/grundschule-launsbach.de\/startseite-2\/?s={search_term_string}"},"query-input":"required name=search_term_string"}],"inLanguage":"de"},{"@type":"Organization","@id":"https:\/\/grundschule-launsbach.de\/startseite-2\/#organization","name":"Grundschule Launsbach","url":"https:\/\/grundschule-launsbach.de\/startseite-2\/","logo":{"@type":"ImageObject","inLanguage":"de","@id":"https:\/\/grundschule-launsbach.de\/startseite-2\/#\/schema\/logo\/image\/","url":"https:\/\/Grundschule-Launsbach.de\/wp-content\/uploads\/2022\/07\/Logo-Launsbach-gelb.png","contentUrl":"https:\/\/Grundschule-Launsbach.de\/wp-content\/uploads\/2022\/07\/Logo-Launsbach-gelb.png","width":250,"height":111,"caption":"Grundschule Launsbach"},"image":{"@id":"https:\/\/grundschule-launsbach.de\/startseite-2\/#\/schema\/logo\/image\/"}}]}},"_links":{"self":[{"href":"https:\/\/grundschule-launsbach.de\/startseite-2\/wp-json\/wp\/v2\/pages\/2692","targetHints":{"allow":["GET"]}}],"collection":[{"href":"https:\/\/grundschule-launsbach.de\/startseite-2\/wp-json\/wp\/v2\/pages"}],"about":[{"href":"https:\/\/grundschule-launsbach.de\/startseite-2\/wp-json\/wp\/v2\/types\/page"}],"author":[{"embeddable":true,"href":"https:\/\/grundschule-launsbach.de\/startseite-2\/wp-json\/wp\/v2\/users\/2"}],"replies":[{"embeddable":true,"href":"https:\/\/grundschule-launsbach.de\/startseite-2\/wp-json\/wp\/v2\/comments?post=2692"}],"version-history":[{"count":22,"href":"https:\/\/grundschule-launsbach.de\/startseite-2\/wp-json\/wp\/v2\/pages\/2692\/revisions"}],"predecessor-version":[{"id":6656,"href":"https:\/\/grundschule-launsbach.de\/startseite-2\/wp-json\/wp\/v2\/pages\/2692\/revisions\/6656"}],"wp:attachment":[{"href":"https:\/\/grundschule-launsbach.de\/startseite-2\/wp-json\/wp\/v2\/media?parent=2692"}],"curies":[{"name":"wp","href":"https:\/\/api.w.org\/{rel}","templated":true}]}}