{"id":3793,"date":"2022-08-27T09:00:00","date_gmt":"2022-08-27T07:00:00","guid":{"rendered":"http:\/\/wp1131520.server-he.de\/?page_id=3793"},"modified":"2025-09-08T08:25:27","modified_gmt":"2025-09-08T06:25:27","slug":"schuelerbuecherei","status":"publish","type":"page","link":"https:\/\/grundschule-launsbach.de\/startseite-2\/schuelerbuecherei\/","title":{"rendered":"Sch\u00fclerb\u00fccherei"},"content":{"rendered":"\r\n<p>&nbsp;<\/p>\r\n\r\n\r\n<style>.wp-block-kadence-advancedgallery .kb-gallery-type-grid.kb-gallery-id-_26fec1-1c{margin:-5px;}.kb-gallery-type-grid.kb-gallery-id-_26fec1-1c .kadence-blocks-gallery-item{padding:5px;}.kb-gallery-id-_26fec1-1c .kadence-blocks-gallery-item .kb-gal-image-radius{border-radius:0px 0px 0px 0px;}<\/style>\r\n<div class=\"wp-block-kadence-advancedgallery kb-gallery-wrap-id-_26fec1-1c\">\r\n<ul class=\"kb-gallery-ul kb-gallery-type-grid kb-gallery-id-_26fec1-1c kb-gallery-caption-style-bottom-hover kb-gallery-filter-none\" data-item-selector=\".kadence-blocks-gallery-item\" data-image-filter=\"none\" data-lightbox-caption=\"true\" data-columns-xxl=\"3\" data-columns-xl=\"3\" data-columns-lg=\"3\" data-columns-md=\"2\" data-columns-sm=\"1\" data-columns-xs=\"1\">\r\n<li class=\"kadence-blocks-gallery-item\">\r\n<div class=\"kadence-blocks-gallery-item-inner\">\r\n<figure class=\"kb-gallery-figure kadence-blocks-gallery-item-hide-caption kb-has-image-ratio-land32\">\r\n<div class=\"kb-gal-image-radius\">\r\n<div class=\"kb-gallery-image-contain kadence-blocks-gallery-intrinsic kb-gallery-image-ratio-land32\"><img fetchpriority=\"high\" decoding=\"async\" class=\"wp-image-3853\" src=\"https:\/\/Grundschule-Launsbach.de\/wp-content\/uploads\/2022\/07\/Bibliothek-1-1024x768.jpg\" width=\"1024\" height=\"768\" data-full-image=\"https:\/\/Grundschule-Launsbach.de\/wp-content\/uploads\/2022\/07\/Bibliothek-1.jpg\" data-light-image=\"https:\/\/Grundschule-Launsbach.de\/wp-content\/uploads\/2022\/07\/Bibliothek-1.jpg\" data-id=\"3853\" data-link=\"https:\/\/Grundschule-Launsbach.de\/schuelerbuecherei\/bibliothek-1\/\" data-custom-link=\"\" data-custom-link-target=\"\" data-sponsored=\"\" srcset=\"https:\/\/Grundschule-Launsbach.de\/wp-content\/uploads\/2022\/07\/Bibliothek-1-1024x768.jpg 1024w, https:\/\/Grundschule-Launsbach.de\/wp-content\/uploads\/2022\/07\/Bibliothek-1-300x225.jpg 300w, https:\/\/Grundschule-Launsbach.de\/wp-content\/uploads\/2022\/07\/Bibliothek-1-768x576.jpg 768w, https:\/\/Grundschule-Launsbach.de\/wp-content\/uploads\/2022\/07\/Bibliothek-1-1536x1152.jpg 1536w, https:\/\/Grundschule-Launsbach.de\/wp-content\/uploads\/2022\/07\/Bibliothek-1.jpg 1600w\" sizes=\"(max-width: 1024px) 100vw, 1024px\" \/><\/div>\r\n<\/div>\r\n<\/figure>\r\n<\/div>\r\n<\/li>\r\n<li class=\"kadence-blocks-gallery-item\">\r\n<div class=\"kadence-blocks-gallery-item-inner\">\r\n<figure class=\"kb-gallery-figure kadence-blocks-gallery-item-hide-caption kb-has-image-ratio-land32\">\r\n<div class=\"kb-gal-image-radius\">\r\n<div class=\"kb-gallery-image-contain kadence-blocks-gallery-intrinsic kb-gallery-image-ratio-land32\"><img decoding=\"async\" class=\"wp-image-3854\" src=\"https:\/\/Grundschule-Launsbach.de\/wp-content\/uploads\/2022\/07\/Bibliothek-2-1024x484.jpg\" width=\"1024\" height=\"484\" data-full-image=\"https:\/\/Grundschule-Launsbach.de\/wp-content\/uploads\/2022\/07\/Bibliothek-2.jpg\" data-light-image=\"https:\/\/Grundschule-Launsbach.de\/wp-content\/uploads\/2022\/07\/Bibliothek-2.jpg\" data-id=\"3854\" data-link=\"https:\/\/Grundschule-Launsbach.de\/schuelerbuecherei\/bibliothek-2\/\" data-custom-link=\"\" data-custom-link-target=\"\" data-sponsored=\"\" srcset=\"https:\/\/Grundschule-Launsbach.de\/wp-content\/uploads\/2022\/07\/Bibliothek-2-1024x484.jpg 1024w, https:\/\/Grundschule-Launsbach.de\/wp-content\/uploads\/2022\/07\/Bibliothek-2-300x142.jpg 300w, https:\/\/Grundschule-Launsbach.de\/wp-content\/uploads\/2022\/07\/Bibliothek-2-768x363.jpg 768w, https:\/\/Grundschule-Launsbach.de\/wp-content\/uploads\/2022\/07\/Bibliothek-2-1536x726.jpg 1536w, https:\/\/Grundschule-Launsbach.de\/wp-content\/uploads\/2022\/07\/Bibliothek-2.jpg 1600w\" sizes=\"(max-width: 1024px) 100vw, 1024px\" \/><\/div>\r\n<\/div>\r\n<\/figure>\r\n<\/div>\r\n<\/li>\r\n<li class=\"kadence-blocks-gallery-item\">\r\n<div class=\"kadence-blocks-gallery-item-inner\">\r\n<figure class=\"kb-gallery-figure kadence-blocks-gallery-item-hide-caption kb-has-image-ratio-land32\">\r\n<div class=\"kb-gal-image-radius\">\r\n<div class=\"kb-gallery-image-contain kadence-blocks-gallery-intrinsic kb-gallery-image-ratio-land32\"><img decoding=\"async\" class=\"wp-image-3855\" src=\"https:\/\/Grundschule-Launsbach.de\/wp-content\/uploads\/2022\/07\/Bibliothek-3-1024x618.jpg\" width=\"1024\" height=\"618\" data-full-image=\"https:\/\/Grundschule-Launsbach.de\/wp-content\/uploads\/2022\/07\/Bibliothek-3.jpg\" data-light-image=\"https:\/\/Grundschule-Launsbach.de\/wp-content\/uploads\/2022\/07\/Bibliothek-3.jpg\" data-id=\"3855\" data-link=\"https:\/\/Grundschule-Launsbach.de\/schuelerbuecherei\/bibliothek-3\/\" data-custom-link=\"\" data-custom-link-target=\"\" data-sponsored=\"\" srcset=\"https:\/\/Grundschule-Launsbach.de\/wp-content\/uploads\/2022\/07\/Bibliothek-3-1024x618.jpg 1024w, https:\/\/Grundschule-Launsbach.de\/wp-content\/uploads\/2022\/07\/Bibliothek-3-300x181.jpg 300w, https:\/\/Grundschule-Launsbach.de\/wp-content\/uploads\/2022\/07\/Bibliothek-3-768x464.jpg 768w, https:\/\/Grundschule-Launsbach.de\/wp-content\/uploads\/2022\/07\/Bibliothek-3-1536x927.jpg 1536w, https:\/\/Grundschule-Launsbach.de\/wp-content\/uploads\/2022\/07\/Bibliothek-3.jpg 1600w\" sizes=\"(max-width: 1024px) 100vw, 1024px\" \/><\/div>\r\n<\/div>\r\n<\/figure>\r\n<\/div>\r\n<\/li>\r\n<\/ul>\r\n<\/div>\r\n\r\n\r\n\r\n<p><strong>Unsere B\u00fccherei<\/strong><\/p>\r\n\r\n\r\n\r\n<p>Die B\u00fccherei der Grundschule Launsbach, unsere \u201e<strong>Schm\u00f6kerinsel<\/strong>\u201c, wird getragen von buchbegeisterten Menschen \u2013 Lehrkr\u00e4fte, Betreuungsteam und Eltern. Derzeit haben unsere Schulkinder jeden Montag in der Nachmittagsbetreuung und jeden Donnerstag in der ersten gro\u00dfen Pause Gelegenheit zum St\u00f6bern, Schm\u00f6kern und Ausleihen. Die B\u00fccherei wird au\u00dferdem bei Bedarf im Unterricht genutzt.<\/p>\r\n\r\n\r\n\r\n<p>Was gibt es in unserer B\u00fccherei zu entdecken? Haupts\u00e4chlich B\u00dcCHER nat\u00fcrlich, zum Beispiel auf das jeweilige Lesealter zugeschnittene Geschichten und nat\u00fcrlich Klassiker der Kinderbuch-Literatur, wie z.B. von Astrid Lindgren und Erich K\u00e4stner. Dazu beliebte Reihen neueren Datums, wie \u201eLotta-Leben\u201c und \u201eGregs Tagebuch\u201c. Den Bereich H\u00f6rb\u00fccher und Gesellschaftsspiele w\u00fcrden wir sehr gerne noch ausbauen. Es gibt bereits einige wenige Bastel-, N\u00e4h- und Kochb\u00fccher passend f\u00fcr Kinder sowie eine gro\u00dfe Auswahl an verschiedenen Sachthemen, von Dinosauriern \u00fcber Pferde und Ritter zu Technik und Umwelt und vielem mehr. Und eine freundliche Atmosph\u00e4re mit gem\u00fctlicher Sitzecke zwischen B\u00fccherregalen.<\/p>\r\n\r\n\r\n\r\n<p>Wer uns in der Ausleihe unterst\u00fctzen m\u00f6chte &#8211; Mitmachen ist herzlich erw\u00fcnscht! Kontakt kann gerne \u00fcber die jeweilige Klassenlehrerin \/ den Klassenlehrer hergestellt werden.<\/p>\r\n\r\n\r\n\r\n\r\n<style>.wp-block-kadence-advancedheading.kt-adv-heading_e06bea-47, .wp-block-kadence-advancedheading.kt-adv-heading_e06bea-47[data-kb-block=\"kb-adv-heading_e06bea-47\"]{font-style:normal;}.wp-block-kadence-advancedheading.kt-adv-heading_e06bea-47 mark, .wp-block-kadence-advancedheading.kt-adv-heading_e06bea-47[data-kb-block=\"kb-adv-heading_e06bea-47\"] mark{font-style:normal;color:#f76a0c;padding-top:0px;padding-right:0px;padding-bottom:0px;padding-left:0px;}<\/style>\r\n<h4 class=\"kt-adv-heading_e06bea-47 wp-block-kadence-advancedheading\" data-kb-block=\"kb-adv-heading_e06bea-47\">\u00a0<\/h4>\r\n","protected":false},"excerpt":{"rendered":"<p>&nbsp; Unsere B\u00fccherei Die B\u00fccherei der Grundschule Launsbach, unsere \u201eSchm\u00f6kerinsel\u201c, wird getragen von buchbegeisterten Menschen \u2013 Lehrkr\u00e4fte, Betreuungsteam und Eltern.<br \/> Derzeit haben unsere Schulkinder jeden Montag in der Nachmittagsbetreuung und jeden Donnerstag in der ersten gro\u00dfen Pause Gelegenheit zum St\u00f6bern,[\u2026]<\/p>\n","protected":false},"author":2,"featured_media":0,"parent":0,"menu_order":0,"comment_status":"closed","ping_status":"closed","template":"","meta":{"remove_blocks_before_content":false,"remove_blocks_after_content":false,"countdown_timer_date_events":"","om_disable_all_campaigns":false,"kt_blocks_editor_width":"","_monsterinsights_skip_tracking":false,"_monsterinsights_sitenote_active":false,"_monsterinsights_sitenote_note":"","_monsterinsights_sitenote_category":0,"_kadence_starter_templates_imported_post":false,"footnotes":""},"class_list":["post-3793","page","type-page","status-publish","hentry"],"yoast_head":"<!-- This site is optimized with the Yoast SEO plugin v21.8 - https:\/\/yoast.com\/wordpress\/plugins\/seo\/ -->\n<title>Sch\u00fclerb\u00fccherei - Grundschule Launsbach<\/title>\n<meta name=\"robots\" content=\"index, follow, max-snippet:-1, max-image-preview:large, max-video-preview:-1\" \/>\n<link rel=\"canonical\" href=\"https:\/\/grundschule-launsbach.de\/startseite-2\/schuelerbuecherei\/\" \/>\n<meta property=\"og:locale\" content=\"de_DE\" \/>\n<meta property=\"og:type\" content=\"article\" \/>\n<meta property=\"og:title\" content=\"Sch\u00fclerb\u00fccherei - Grundschule Launsbach\" \/>\n<meta property=\"og:description\" content=\"&nbsp; Unsere B\u00fccherei Die B\u00fccherei der Grundschule Launsbach, unsere \u201eSchm\u00f6kerinsel\u201c, wird getragen von buchbegeisterten Menschen \u2013 Lehrkr\u00e4fte, Betreuungsteam und Eltern. Derzeit haben unsere Schulkinder jeden Montag in der Nachmittagsbetreuung und jeden Donnerstag in der ersten gro\u00dfen Pause Gelegenheit zum St\u00f6bern,[\u2026]\" \/>\n<meta property=\"og:url\" content=\"https:\/\/grundschule-launsbach.de\/startseite-2\/schuelerbuecherei\/\" \/>\n<meta property=\"og:site_name\" content=\"Grundschule Launsbach\" \/>\n<meta property=\"article:modified_time\" content=\"2025-09-08T06:25:27+00:00\" \/>\n<meta property=\"og:image\" content=\"https:\/\/Grundschule-Launsbach.de\/wp-content\/uploads\/2022\/07\/Bibliothek-1-1024x768.jpg\" \/>\n<meta name=\"twitter:card\" content=\"summary_large_image\" \/>\n<meta name=\"twitter:label1\" content=\"Gesch\u00e4tzte Lesezeit\" \/>\n\t<meta name=\"twitter:data1\" content=\"2\u00a0Minuten\" \/>\n<script type=\"application\/ld+json\" class=\"yoast-schema-graph\">{\"@context\":\"https:\/\/schema.org\",\"@graph\":[{\"@type\":\"WebPage\",\"@id\":\"https:\/\/grundschule-launsbach.de\/startseite-2\/schuelerbuecherei\/\",\"url\":\"https:\/\/grundschule-launsbach.de\/startseite-2\/schuelerbuecherei\/\",\"name\":\"Sch\u00fclerb\u00fccherei - Grundschule Launsbach\",\"isPartOf\":{\"@id\":\"https:\/\/grundschule-launsbach.de\/startseite-2\/#website\"},\"datePublished\":\"2022-08-27T07:00:00+00:00\",\"dateModified\":\"2025-09-08T06:25:27+00:00\",\"breadcrumb\":{\"@id\":\"https:\/\/grundschule-launsbach.de\/startseite-2\/schuelerbuecherei\/#breadcrumb\"},\"inLanguage\":\"de\",\"potentialAction\":[{\"@type\":\"ReadAction\",\"target\":[\"https:\/\/grundschule-launsbach.de\/startseite-2\/schuelerbuecherei\/\"]}]},{\"@type\":\"BreadcrumbList\",\"@id\":\"https:\/\/grundschule-launsbach.de\/startseite-2\/schuelerbuecherei\/#breadcrumb\",\"itemListElement\":[{\"@type\":\"ListItem\",\"position\":1,\"name\":\"Startseite\",\"item\":\"https:\/\/grundschule-launsbach.de\/startseite-2\/\"},{\"@type\":\"ListItem\",\"position\":2,\"name\":\"Sch\u00fclerb\u00fccherei\"}]},{\"@type\":\"WebSite\",\"@id\":\"https:\/\/grundschule-launsbach.de\/startseite-2\/#website\",\"url\":\"https:\/\/grundschule-launsbach.de\/startseite-2\/\",\"name\":\"Grundschule Launsbach\",\"description\":\"Grundschule mit den Schwerpunkten Natur, Gemeinschaft und Kultur\",\"publisher\":{\"@id\":\"https:\/\/grundschule-launsbach.de\/startseite-2\/#organization\"},\"potentialAction\":[{\"@type\":\"SearchAction\",\"target\":{\"@type\":\"EntryPoint\",\"urlTemplate\":\"https:\/\/grundschule-launsbach.de\/startseite-2\/?s={search_term_string}\"},\"query-input\":\"required name=search_term_string\"}],\"inLanguage\":\"de\"},{\"@type\":\"Organization\",\"@id\":\"https:\/\/grundschule-launsbach.de\/startseite-2\/#organization\",\"name\":\"Grundschule Launsbach\",\"url\":\"https:\/\/grundschule-launsbach.de\/startseite-2\/\",\"logo\":{\"@type\":\"ImageObject\",\"inLanguage\":\"de\",\"@id\":\"https:\/\/grundschule-launsbach.de\/startseite-2\/#\/schema\/logo\/image\/\",\"url\":\"https:\/\/Grundschule-Launsbach.de\/wp-content\/uploads\/2022\/07\/Logo-Launsbach-gelb.png\",\"contentUrl\":\"https:\/\/Grundschule-Launsbach.de\/wp-content\/uploads\/2022\/07\/Logo-Launsbach-gelb.png\",\"width\":250,\"height\":111,\"caption\":\"Grundschule Launsbach\"},\"image\":{\"@id\":\"https:\/\/grundschule-launsbach.de\/startseite-2\/#\/schema\/logo\/image\/\"}}]}<\/script>\n<!-- \/ Yoast SEO plugin. -->","yoast_head_json":{"title":"Sch\u00fclerb\u00fccherei - Grundschule Launsbach","robots":{"index":"index","follow":"follow","max-snippet":"max-snippet:-1","max-image-preview":"max-image-preview:large","max-video-preview":"max-video-preview:-1"},"canonical":"https:\/\/grundschule-launsbach.de\/startseite-2\/schuelerbuecherei\/","og_locale":"de_DE","og_type":"article","og_title":"Sch\u00fclerb\u00fccherei - Grundschule Launsbach","og_description":"&nbsp; Unsere B\u00fccherei Die B\u00fccherei der Grundschule Launsbach, unsere \u201eSchm\u00f6kerinsel\u201c, wird getragen von buchbegeisterten Menschen \u2013 Lehrkr\u00e4fte, Betreuungsteam und Eltern. Derzeit haben unsere Schulkinder jeden Montag in der Nachmittagsbetreuung und jeden Donnerstag in der ersten gro\u00dfen Pause Gelegenheit zum St\u00f6bern,[\u2026]","og_url":"https:\/\/grundschule-launsbach.de\/startseite-2\/schuelerbuecherei\/","og_site_name":"Grundschule Launsbach","article_modified_time":"2025-09-08T06:25:27+00:00","og_image":[{"url":"https:\/\/Grundschule-Launsbach.de\/wp-content\/uploads\/2022\/07\/Bibliothek-1-1024x768.jpg"}],"twitter_card":"summary_large_image","twitter_misc":{"Gesch\u00e4tzte Lesezeit":"2\u00a0Minuten"},"schema":{"@context":"https:\/\/schema.org","@graph":[{"@type":"WebPage","@id":"https:\/\/grundschule-launsbach.de\/startseite-2\/schuelerbuecherei\/","url":"https:\/\/grundschule-launsbach.de\/startseite-2\/schuelerbuecherei\/","name":"Sch\u00fclerb\u00fccherei - Grundschule Launsbach","isPartOf":{"@id":"https:\/\/grundschule-launsbach.de\/startseite-2\/#website"},"datePublished":"2022-08-27T07:00:00+00:00","dateModified":"2025-09-08T06:25:27+00:00","breadcrumb":{"@id":"https:\/\/grundschule-launsbach.de\/startseite-2\/schuelerbuecherei\/#breadcrumb"},"inLanguage":"de","potentialAction":[{"@type":"ReadAction","target":["https:\/\/grundschule-launsbach.de\/startseite-2\/schuelerbuecherei\/"]}]},{"@type":"BreadcrumbList","@id":"https:\/\/grundschule-launsbach.de\/startseite-2\/schuelerbuecherei\/#breadcrumb","itemListElement":[{"@type":"ListItem","position":1,"name":"Startseite","item":"https:\/\/grundschule-launsbach.de\/startseite-2\/"},{"@type":"ListItem","position":2,"name":"Sch\u00fclerb\u00fccherei"}]},{"@type":"WebSite","@id":"https:\/\/grundschule-launsbach.de\/startseite-2\/#website","url":"https:\/\/grundschule-launsbach.de\/startseite-2\/","name":"Grundschule Launsbach","description":"Grundschule mit den Schwerpunkten Natur, Gemeinschaft und Kultur","publisher":{"@id":"https:\/\/grundschule-launsbach.de\/startseite-2\/#organization"},"potentialAction":[{"@type":"SearchAction","target":{"@type":"EntryPoint","urlTemplate":"https:\/\/grundschule-launsbach.de\/startseite-2\/?s={search_term_string}"},"query-input":"required name=search_term_string"}],"inLanguage":"de"},{"@type":"Organization","@id":"https:\/\/grundschule-launsbach.de\/startseite-2\/#organization","name":"Grundschule Launsbach","url":"https:\/\/grundschule-launsbach.de\/startseite-2\/","logo":{"@type":"ImageObject","inLanguage":"de","@id":"https:\/\/grundschule-launsbach.de\/startseite-2\/#\/schema\/logo\/image\/","url":"https:\/\/Grundschule-Launsbach.de\/wp-content\/uploads\/2022\/07\/Logo-Launsbach-gelb.png","contentUrl":"https:\/\/Grundschule-Launsbach.de\/wp-content\/uploads\/2022\/07\/Logo-Launsbach-gelb.png","width":250,"height":111,"caption":"Grundschule Launsbach"},"image":{"@id":"https:\/\/grundschule-launsbach.de\/startseite-2\/#\/schema\/logo\/image\/"}}]}},"_links":{"self":[{"href":"https:\/\/grundschule-launsbach.de\/startseite-2\/wp-json\/wp\/v2\/pages\/3793","targetHints":{"allow":["GET"]}}],"collection":[{"href":"https:\/\/grundschule-launsbach.de\/startseite-2\/wp-json\/wp\/v2\/pages"}],"about":[{"href":"https:\/\/grundschule-launsbach.de\/startseite-2\/wp-json\/wp\/v2\/types\/page"}],"author":[{"embeddable":true,"href":"https:\/\/grundschule-launsbach.de\/startseite-2\/wp-json\/wp\/v2\/users\/2"}],"replies":[{"embeddable":true,"href":"https:\/\/grundschule-launsbach.de\/startseite-2\/wp-json\/wp\/v2\/comments?post=3793"}],"version-history":[{"count":11,"href":"https:\/\/grundschule-launsbach.de\/startseite-2\/wp-json\/wp\/v2\/pages\/3793\/revisions"}],"predecessor-version":[{"id":12437,"href":"https:\/\/grundschule-launsbach.de\/startseite-2\/wp-json\/wp\/v2\/pages\/3793\/revisions\/12437"}],"wp:attachment":[{"href":"https:\/\/grundschule-launsbach.de\/startseite-2\/wp-json\/wp\/v2\/media?parent=3793"}],"curies":[{"name":"wp","href":"https:\/\/api.w.org\/{rel}","templated":true}]}}